2 - 41*f + 11. Let d be x(8). Let b(m) = 2*m**2 - 5*m - 6. Determine b(d).
-3
Let q(l) = -l**3 - 14*l**2 - 13*l - 2. Let d be 175/(-14) + ((-4)/(-4))/(-2). Give q(d).
-2
Let g(d) be the second derivative of -d**4/12 + d**3 - 3*d**2 + 2*d. Suppose -62*b - 140 = -97*b. Calculate g(b).
2
Suppose -2*o = 7*o - 846. Let u = o - 97. Let i(a) = -5*a + 4. Give i(u).
19
Let n(k) = 5*k + 1. Suppose -6*x - 2543 = -2519. Give n(x).
-19
Let f(s) be the third derivative of -s**5/60 - 2*s**3/3 - s**2. Let x(w) = 30*w - 6. Let l be x(-2). Let o = 63 + l. Determine f(o).
-13
Let r(t) = -7*t - 7. Let m(v) = 12*v - 27. Let x be m(2). What is r(x)?
14
Let o(q) = -2*q + 9. Suppose -203 + 16 = 17*z. Give o(z).
31
Let r(i) = i**3 + 2*i**2 + 5*i + 23. Let l be r(-3). Let o(x) be the first derivative of -2*x**4 - 2*x**3/3 - x**2/2 - 2. What is o(l)?
7
Let o(m) = 2*m + 6. Let w(n) = n**2 + 4*n - 7. Let f be w(3). Suppose f*s = -71 - 27. What is o(s)?
-8
Let c(x) be the third derivative of 1/3*x**3 + 1/60*x**5 - 1/3*x**4 + 0 + 0*x + 9*x**2. Calculate c(6).
-10
Let s(n) = 30*n - 327. Let c be s(11). Let i(a) = 2*a**2 - 4*a - 1. Calculate i(c).
5
Let n(r) = -51*r - 5. Suppose -q = 4*q + 10. Let j(l) = l - 6*l - 2*l - 1 - 3*l. Let p(u) = q*n(u) + 11*j(u). What is p(1)?
-9
Let m(k) be the second derivative of k**5/120 - k**4/24 + k**3/6 - k. Let x(q) be the second derivative of m(q). Let r be 1 - ((-65)/(-26) - 9/(-6)). Give x(r).
-4
Let v(o) = o + 2. Suppose 72 = -3*w + 69. Let c be (-12)/8 - w/(-2). Determine v(c).
0
Let g(o) = -11*o**2 - 1. Suppose 27 = 3*z + 2*x - 19, 0 = -x - 4. Let u be 3*3*(-2)/z. Determine g(u).
-12
Let s(y) = y**2 - 10*y + 3. Let l be s(9). Let r(h) = 14*h + 13*h**3 + 4 - 12*h**3 - 7*h + 7*h**2. Calculate r(l).
-2
Let p(m) = m**3 + 17*m**2 - m - 18. Suppose 38*y - 88*y - 850 = 0. Give p(y).
-1
Let a(r) = 16*r + 1. Suppose 0 = -0*d + 4*d - 3*g - 13, -4*d - 3*g + 43 = 0. Let i be 2*2/4 - -1. Suppose i*y - d*y = 5. Determine a(y).
-15
Let y be -1 - (-4)/(20/65). Let u(k) = -y*k + 8*k + 8*k**2 + 5*k. What is u(-1)?
7
Let u(i) = i + 7. Let d = -217 - -139. Let g = -83 - d. Determine u(g).
2
Let f(d) = 3*d**2 + d. Let g(v) = -v**3 - 5*v**2 + 13*v - 8. Let q be g(-7). Calculate f(q).
2
Let o(j) = j**2 + j - 20. Let n(g) = -g**2 + 2*g + 3. Let f be n(-1). Suppose f = z - 0*z - 6*z. Give o(z).
-20
Let u(n) = n**2 + n + 3. Suppose 0 = 35*z - 37*z. Give u(z).
3
Let b(o) = -8*o**2 + 2*o + 1. Let r = -23 - -25. Let w be (2/3)/(6/27). Suppose w*t + 1 = r*t. What is b(t)?
-9
Let h(n) = -7*n - 5. Let q be h(-1). Let w be 4*(q - (-6)/(-4)). Let p(c) = c**2 - 2. Calculate p(w).
2
Suppose 1523*l = 1525*l. Let j(z) = -z**2 + z - 4. What is j(l)?
-4
Let o = -14 + 35. Let b = o - 20. Let z(w) be the first derivative of -5*w**3/3 + w**2 - w + 23. Calculate z(b).
-4
Let a(z) = z**3 + z**2 + z - 6. Let m = -4 - -6. Let l(t) = 2*t**2 - t - 3. Let s be l(3). Suppose 0 = -3*h + 4*p - 16, 2*h + s = -m*h + 3*p. Give a(h).
-6
Let c(m) = m**3 - 2*m**2 + 2*m - 2. Let v(k) = -4*k + 1. Let n be v(2). Let r = -3 - n. Let j be (4 + -1)/(6/r). What is c(j)?
2
Let u(b) be the third derivative of b**6/120 + b**5/15 + b**4/24 - b**3/3 + 140*b**2. Determine u(-4).
-6
Suppose 0 = -9*m + 8*m - 2. Let u(r) = -3*r**2 - 2*r + 1. Let s(x) = -3*x**2 - 2*x + 1. Let o(q) = -3*s(q) + 2*u(q). Give o(m).
7
Let p(j) = j**3 - 3*j**2 - 16*j - 9. Let s be p(6). Let y(a) = 4 - 3*a + a - a + a**s + a + a**2. What is y(-3)?
-8
Let h(g) = -2*g - 19. Suppose 604*o = 601*o - 30. What is h(o)?
1
Let t be (-1 - -6) + (0/3 - 0). Let f(c) = 169*c**2 + t*c + 0*c + 2*c - 170*c**2 + 5. Determine f(7).
5
Suppose 3*d + b = 4 + 22, -3*b + 6 = 0. Let r(p) = 2*p - 23. What is r(d)?
-7
Let c be 44/11 + (-2)/2. Let w = 6 - c. Let o(r) = -2*r**2 + 4*r - 4. Determine o(w).
-10
Let t = -1 + 4. Let d = 2 + t. Let i(c) = -3*c - 2*c - 6*c**2 + 0 + 3 + 7*c**2. Calculate i(d).
3
Let s(b) be the third derivative of 0*b + 0 - 1/12*b**4 + 1/3*b**3 + 20*b**2. Determine s(-7).
16
Let o(v) = 5*v**2 + 6*v - 11. Let p(n) = n**2 + 3*n. Let k(r) = o(r) - 6*p(r). Calculate k(-12).
-11
Let o(d) = 3*d + 13. Suppose 0 = -4*a + i - 52, 15*a = 11*a + 4*i - 52. Give o(a).
-26
Let x(p) be the third derivative of p**4/24 + p**3/6 - 82*p**2 + p. Determine x(0).
1
Let p be -7*((-32)/14 + -2). Let i be (-22)/(-10) - 6/p. Let s(c) = -3*c**3 + c**3 - c**i + c**3 - c**3. Determine s(1).
-3
Let l(s) = s**2 + 6*s - 2. Let q be ((-52)/130)/(2/20). Give l(q).
-10
Let a(t) = 2*t**2 + 12*t. Suppose 62*q + 107 + 203 = 0. Determine a(q).
-10
Let r = 6/95 + 59/570. Let v(z) be the third derivative of 1/15*z**5 + 0*z**4 + 0*z + 0 + r*z**3 - 3*z**2. What is v(1)?
5
Let o be 2/((-10)/(-25) - 4/(-15)). Suppose -9 = m - o. Let s(v) = v**2 + 7*v + 4. Calculate s(m).
-2
Let w be (2 - (30 + -1)) + 4. Let h = -27 - w. Let y(m) be the first derivative of m**3/3 + m**2 - 4*m - 3. Calculate y(h).
4
Let k(u) be the third derivative of -u**6/120 + u**5/30 - u**4/6 + 5*u**3/6 + 54*u**2 - 3*u. Give k(2).
-3
Let v(y) = y - 1. Let p(n) = -n**2 - 48*n - 449. Let a be p(-35). What is v(a)?
5
Let l(o) = o**2 + 2. Let q be l(0). Let z(p) = -8 + p - q + 3. Let a be ((-3)/(-2))/3*12. What is z(a)?
-1
Let t(h) be the second derivative of 4*h**3/3 - 22*h**2 + 525*h + 2. Calculate t(6).
4
Let r(x) be the second derivative of x**5/10 - 2*x**4/3 - 13*x**3/6 + 6*x**2 - 33*x + 3. Calculate r(5).
-3
Suppose -2*v = -3*x - 3 - 16, -4*x = 5*v + 10. Let u(l) = l + 28*l**2 - 27*l**2 - v + 6*l. Determine u(-5).
-12
Let t(b) = b**3 + 5*b**2 + 4*b - 3. Let v be t(-4). Let p(z) = -117*z**2 + 3*z - 115*z**2 + z**3 - 3 + 237*z**2. Determine p(v).
6
Let w(l) be the first derivative of -l**3/3 + l**2 + 5*l + 1. Let v be (40 + -37)/((-39)/(-52)). What is w(v)?
-3
Suppose -13*f + 17*f = 0. Let h(r) = r + 11. Let s(g) = -g - 10. Let d(n) = -6*h(n) - 7*s(n). Calculate d(f).
4
Let m(l) = -3*l - 23. Let c be m(-10). Suppose c*t + 4*t = 2*t. Let n(p) = p**2 + p + 20. What is n(t)?
20
Let p(m) = -3*m**2 - m - 9. Let g(k) = -16*k**2 - 8*k - 43. Let v(a) = 2*g(a) - 11*p(a). Determine v(0).
13
Let n = -1356 + 1355. Let v(p) = -35*p**3 - p**2 + p + 1. What is v(n)?
34
Let c be (4 + 11 - -2)/(-1). Let h = c - -19. Let y(k) = k**3 + 3*k - 2. What is y(h)?
12
Let n(z) = -z**3 + 2*z**2 - z. Let i be n(2). Let o(a) be the first derivative of a**2 - 2*a + 3676. What is o(i)?
-6
Let f(t) = -t - 4. Let r(x) = -2*x - 11. Let w be 1 + -1 + -1 + 7. Let l be (-7)/(-3)*(w - 9). Let z(v) = l*f(v) + 2*r(v). Give z(-6).
-12
Suppose -55 = -g - 58. Let o(k) = 6*k**3 + 5*k**2 - k. Let n(s) = 5*s**3 + 5*s**2. Let a(l) = -5*n(l) + 4*o(l). What is a(g)?
-6
Let p(s) be the third derivative of 1/12*s**4 + 1/120*s**6 + 2*s**2 + 0*s**3 + 0*s + 0 - 1/60*s**5. Give p(2).
8
Let z(n) = -n**2 - 14*n - 14. Let j = -340 - -328. Give z(j).
10
Let r(s) = s**2 - 21*s + 25. Suppose 3*j - 2*f = 36 + 34, 0 = 2*j + 3*f - 25. Give r(j).
5
Let i = -277 - -274. Let v(h) = 3*h + 7. What is v(i)?
-2
Let x(p) = -5*p**3 + 9*p**2 - 1. Let b(h) = -h**3 + 4*h**2 + 2. Let q(v) = -4*b(v) + x(v). Determine q(-7).
-9
Suppose 0 = 7*c - 5*c - 16. Let x(j) = -3*j**2 + 21*j - 31. Let p(w) = w**2 - 7*w + 10. Let b(m) = 7*p(m) + 2*x(m). Calculate b(c).
16
Suppose 4*a + 19 = 3*m - 9, 4*m = -a + 12. Let s(q) = -3*q + m + 0 - 4 + 4. Determine s(6).
-14
Let k(u) = 5*u**2 + u - 1. Let q be k(-1). Let w(z) = 190*z**q - 1 + z - 92*z**3 - z**2 - 97*z**3. Let h = -1 + 3. Calculate w(h).
5
Let k(y) = -2*y + 1. Suppose -31 = -5*b - 4*i + 2*i, b - 5*i + 10 = 0. Let q(f) = -f**2 + 6*f + 1. Let p be q(b). Let j = -4 + p. Calculate k(j).
-3
Let w(d) be the second derivative of -d**3/6 - 7*d**2/2 + 303*d. Let t = -15 - -10. What is w(t)?
-2
Let m = 206 - 17. Let t(z) = 20*z - 131. Let i be t(16). Let r(a) = -2*a + m - i. Give r(5).
-10
Let w(o) = o - 14. Let l(p) = -p**2 + 251. Let b be l(-16). Calculate w(b).
-19
Let d = 346 - 346. Let g(o) = o - 18. Give g(d).
-18
Let n = 201 + -196. Let l(v) = v**3 - 4*v**2 - 6*v + 7. Give l(n).
2
Let a = -6 + 8. Suppose y = 3*y - a. Let x(i) = -i**2 - 2*i**3 + 0 + 4*i**3 + y - 2*i. What is x(2)?
9
Let b(m) = -25*m**2 + 30*m + 23. Let j(c) = -9*c**2 + 10*c + 8. Let g(h) = 4*b(h) - 11*j(h). Determine g(10).
4
Suppose 14*a - 10*a - 20 = 0. Suppose -a = 4*z -